{"id":10716,"date":"2025-10-24T12:09:48","date_gmt":"2025-10-24T10:09:48","guid":{"rendered":"https:\/\/www.ideefixe.fr\/realisations\/entendre-sforl\/"},"modified":"2025-10-24T12:09:48","modified_gmt":"2025-10-24T10:09:48","slug":"entendre-sforl","status":"publish","type":"realisations","link":"https:\/\/www.ideefixe.fr\/en\/realisations\/entendre-sforl\/","title":{"rendered":"Entendre SFORL"},"excerpt":{"rendered":"","protected":false},"author":2,"featured_media":0,"template":"","meta":{"_acf_changed":false},"categories":[29],"hashtag":[14],"class_list":["post-10716","realisations","type-realisations","status-publish","hentry","category-ephemeral-architecture","hashtag-stands"],"acf":[],"yoast_head":"<!-- This site is optimized with the Yoast SEO plugin v27.4 - https:\/\/yoast.com\/product\/yoast-seo-wordpress\/ -->\n<title>Entendre SFORL - Id\u00e9e Fixe<\/title>\n<meta name=\"description\" content=\"Discover how we designed and built the latest Entendre stand for the SFORL Congress in Lille. An open and welcoming stand.\" \/>\n<meta name=\"robots\" content=\"index, follow, max-snippet:-1, max-image-preview:large, max-video-preview:-1\" \/>\n<link rel=\"canonical\" href=\"https:\/\/www.ideefixe.fr\/en\/realisations\/entendre-sforl\/\" \/>\n<meta property=\"og:locale\" content=\"en_US\" \/>\n<meta property=\"og:type\" content=\"article\" \/>\n<meta property=\"og:title\" content=\"Entendre SFORL - Id\u00e9e Fixe\" \/>\n<meta property=\"og:description\" content=\"Discover how we designed and built the latest Entendre stand for the SFORL Congress in Lille. An open and welcoming stand.\" \/>\n<meta property=\"og:url\" content=\"https:\/\/www.ideefixe.fr\/en\/realisations\/entendre-sforl\/\" \/>\n<meta property=\"og:site_name\" content=\"Id\u00e9e Fixe\" \/>\n<meta name=\"twitter:card\" content=\"summary_large_image\" \/>\n<script type=\"application\/ld+json\" class=\"yoast-schema-graph\">{\"@context\":\"https:\\\/\\\/schema.org\",\"@graph\":[{\"@type\":\"WebPage\",\"@id\":\"https:\\\/\\\/www.ideefixe.fr\\\/en\\\/realisations\\\/entendre-sforl\\\/\",\"url\":\"https:\\\/\\\/www.ideefixe.fr\\\/en\\\/realisations\\\/entendre-sforl\\\/\",\"name\":\"Entendre SFORL - Id\u00e9e Fixe\",\"isPartOf\":{\"@id\":\"https:\\\/\\\/www.ideefixe.fr\\\/en\\\/#website\"},\"datePublished\":\"2025-10-24T10:09:48+00:00\",\"description\":\"Discover how we designed and built the latest Entendre stand for the SFORL Congress in Lille. An open and welcoming stand.\",\"breadcrumb\":{\"@id\":\"https:\\\/\\\/www.ideefixe.fr\\\/en\\\/realisations\\\/entendre-sforl\\\/#breadcrumb\"},\"inLanguage\":\"en-US\",\"potentialAction\":[{\"@type\":\"ReadAction\",\"target\":[\"https:\\\/\\\/www.ideefixe.fr\\\/en\\\/realisations\\\/entendre-sforl\\\/\"]}]},{\"@type\":\"BreadcrumbList\",\"@id\":\"https:\\\/\\\/www.ideefixe.fr\\\/en\\\/realisations\\\/entendre-sforl\\\/#breadcrumb\",\"itemListElement\":[{\"@type\":\"ListItem\",\"position\":1,\"name\":\"Id\u00e9e Fixe\",\"item\":\"https:\\\/\\\/www.ideefixe.fr\\\/en\\\/\"},{\"@type\":\"ListItem\",\"position\":2,\"name\":\"R\u00e9alisations\",\"item\":\"https:\\\/\\\/www.ideefixe.fr\\\/en\\\/realisations\\\/\"},{\"@type\":\"ListItem\",\"position\":3,\"name\":\"Entendre SFORL\"}]},{\"@type\":\"WebSite\",\"@id\":\"https:\\\/\\\/www.ideefixe.fr\\\/en\\\/#website\",\"url\":\"https:\\\/\\\/www.ideefixe.fr\\\/en\\\/\",\"name\":\"Id\u00e9e Fixe\",\"description\":\"Expert en architectures durables et \u00e9ph\u00e9m\u00e8res depuis 1990.\",\"publisher\":{\"@id\":\"https:\\\/\\\/www.ideefixe.fr\\\/en\\\/#organization\"},\"potentialAction\":[{\"@type\":\"SearchAction\",\"target\":{\"@type\":\"EntryPoint\",\"urlTemplate\":\"https:\\\/\\\/www.ideefixe.fr\\\/en\\\/?s={search_term_string}\"},\"query-input\":{\"@type\":\"PropertyValueSpecification\",\"valueRequired\":true,\"valueName\":\"search_term_string\"}}],\"inLanguage\":\"en-US\"},{\"@type\":\"Organization\",\"@id\":\"https:\\\/\\\/www.ideefixe.fr\\\/en\\\/#organization\",\"name\":\"Id\u00e9e Fixe\",\"url\":\"https:\\\/\\\/www.ideefixe.fr\\\/en\\\/\",\"logo\":{\"@type\":\"ImageObject\",\"inLanguage\":\"en-US\",\"@id\":\"https:\\\/\\\/www.ideefixe.fr\\\/en\\\/#\\\/schema\\\/logo\\\/image\\\/\",\"url\":\"https:\\\/\\\/www.ideefixe.fr\\\/wp-content\\\/uploads\\\/2021\\\/11\\\/logo-idee-fixe.svg\",\"contentUrl\":\"https:\\\/\\\/www.ideefixe.fr\\\/wp-content\\\/uploads\\\/2021\\\/11\\\/logo-idee-fixe.svg\",\"width\":1,\"height\":1,\"caption\":\"Id\u00e9e Fixe\"},\"image\":{\"@id\":\"https:\\\/\\\/www.ideefixe.fr\\\/en\\\/#\\\/schema\\\/logo\\\/image\\\/\"}}]}<\/script>\n<!-- \/ Yoast SEO plugin. -->","yoast_head_json":{"title":"Entendre SFORL - Id\u00e9e Fixe","description":"Discover how we designed and built the latest Entendre stand for the SFORL Congress in Lille. An open and welcoming stand.","robots":{"index":"index","follow":"follow","max-snippet":"max-snippet:-1","max-image-preview":"max-image-preview:large","max-video-preview":"max-video-preview:-1"},"canonical":"https:\/\/www.ideefixe.fr\/en\/realisations\/entendre-sforl\/","og_locale":"en_US","og_type":"article","og_title":"Entendre SFORL - Id\u00e9e Fixe","og_description":"Discover how we designed and built the latest Entendre stand for the SFORL Congress in Lille. An open and welcoming stand.","og_url":"https:\/\/www.ideefixe.fr\/en\/realisations\/entendre-sforl\/","og_site_name":"Id\u00e9e Fixe","twitter_card":"summary_large_image","schema":{"@context":"https:\/\/schema.org","@graph":[{"@type":"WebPage","@id":"https:\/\/www.ideefixe.fr\/en\/realisations\/entendre-sforl\/","url":"https:\/\/www.ideefixe.fr\/en\/realisations\/entendre-sforl\/","name":"Entendre SFORL - Id\u00e9e Fixe","isPartOf":{"@id":"https:\/\/www.ideefixe.fr\/en\/#website"},"datePublished":"2025-10-24T10:09:48+00:00","description":"Discover how we designed and built the latest Entendre stand for the SFORL Congress in Lille. An open and welcoming stand.","breadcrumb":{"@id":"https:\/\/www.ideefixe.fr\/en\/realisations\/entendre-sforl\/#breadcrumb"},"inLanguage":"en-US","potentialAction":[{"@type":"ReadAction","target":["https:\/\/www.ideefixe.fr\/en\/realisations\/entendre-sforl\/"]}]},{"@type":"BreadcrumbList","@id":"https:\/\/www.ideefixe.fr\/en\/realisations\/entendre-sforl\/#breadcrumb","itemListElement":[{"@type":"ListItem","position":1,"name":"Id\u00e9e Fixe","item":"https:\/\/www.ideefixe.fr\/en\/"},{"@type":"ListItem","position":2,"name":"R\u00e9alisations","item":"https:\/\/www.ideefixe.fr\/en\/realisations\/"},{"@type":"ListItem","position":3,"name":"Entendre SFORL"}]},{"@type":"WebSite","@id":"https:\/\/www.ideefixe.fr\/en\/#website","url":"https:\/\/www.ideefixe.fr\/en\/","name":"Id\u00e9e Fixe","description":"Expert en architectures durables et \u00e9ph\u00e9m\u00e8res depuis 1990.","publisher":{"@id":"https:\/\/www.ideefixe.fr\/en\/#organization"},"potentialAction":[{"@type":"SearchAction","target":{"@type":"EntryPoint","urlTemplate":"https:\/\/www.ideefixe.fr\/en\/?s={search_term_string}"},"query-input":{"@type":"PropertyValueSpecification","valueRequired":true,"valueName":"search_term_string"}}],"inLanguage":"en-US"},{"@type":"Organization","@id":"https:\/\/www.ideefixe.fr\/en\/#organization","name":"Id\u00e9e Fixe","url":"https:\/\/www.ideefixe.fr\/en\/","logo":{"@type":"ImageObject","inLanguage":"en-US","@id":"https:\/\/www.ideefixe.fr\/en\/#\/schema\/logo\/image\/","url":"https:\/\/www.ideefixe.fr\/wp-content\/uploads\/2021\/11\/logo-idee-fixe.svg","contentUrl":"https:\/\/www.ideefixe.fr\/wp-content\/uploads\/2021\/11\/logo-idee-fixe.svg","width":1,"height":1,"caption":"Id\u00e9e Fixe"},"image":{"@id":"https:\/\/www.ideefixe.fr\/en\/#\/schema\/logo\/image\/"}}]}},"_links":{"self":[{"href":"https:\/\/www.ideefixe.fr\/en\/wp-json\/wp\/v2\/realisations\/10716","targetHints":{"allow":["GET"]}}],"collection":[{"href":"https:\/\/www.ideefixe.fr\/en\/wp-json\/wp\/v2\/realisations"}],"about":[{"href":"https:\/\/www.ideefixe.fr\/en\/wp-json\/wp\/v2\/types\/realisations"}],"author":[{"embeddable":true,"href":"https:\/\/www.ideefixe.fr\/en\/wp-json\/wp\/v2\/users\/2"}],"wp:attachment":[{"href":"https:\/\/www.ideefixe.fr\/en\/wp-json\/wp\/v2\/media?parent=10716"}],"wp:term":[{"taxonomy":"category","embeddable":true,"href":"https:\/\/www.ideefixe.fr\/en\/wp-json\/wp\/v2\/categories?post=10716"},{"taxonomy":"hashtag","embeddable":true,"href":"https:\/\/www.ideefixe.fr\/en\/wp-json\/wp\/v2\/hashtag?post=10716"}],"curies":[{"name":"wp","href":"https:\/\/api.w.org\/{rel}","templated":true}]}}

<!-- This site is optimized with the Yoast SEO plugin v27.4 - https://yoast.com/product/yoast-seo-wordpress/ -->
<title>Entendre SFORL - Idée Fixe</title>
<meta name="description" content="Discover how we designed and built the latest Entendre stand for the SFORL Congress in Lille. An open and welcoming stand." />
<meta name="robots" content="index, follow, max-snippet:-1, max-image-preview:large, max-video-preview:-1" />
<link rel="canonical" href="https://www.ideefixe.fr/en/realisations/entendre-sforl/" />
<meta property="og:locale" content="en_US" />
<meta property="og:type" content="article" />
<meta property="og:title" content="Entendre SFORL - Idée Fixe" />
<meta property="og:description" content="Discover how we designed and built the latest Entendre stand for the SFORL Congress in Lille. An open and welcoming stand." />
<meta property="og:url" content="https://www.ideefixe.fr/en/realisations/entendre-sforl/" />
<meta property="og:site_name" content="Idée Fixe" />
<meta name="twitter:card" content="summary_large_image" />
<script type="application/ld+json" class="yoast-schema-graph">{"@context":"https:\/\/schema.org","@graph":[{"@type":"WebPage","@id":"https:\/\/www.ideefixe.fr\/en\/realisations\/entendre-sforl\/","url":"https:\/\/www.ideefixe.fr\/en\/realisations\/entendre-sforl\/","name":"Entendre SFORL - Idée Fixe","isPartOf":{"@id":"https:\/\/www.ideefixe.fr\/en\/#website"},"datePublished":"2025-10-24T10:09:48+00:00","description":"Discover how we designed and built the latest Entendre stand for the SFORL Congress in Lille. An open and welcoming stand.","breadcrumb":{"@id":"https:\/\/www.ideefixe.fr\/en\/realisations\/entendre-sforl\/#breadcrumb"},"inLanguage":"en-US","potentialAction":[{"@type":"ReadAction","target":["https:\/\/www.ideefixe.fr\/en\/realisations\/entendre-sforl\/"]}]},{"@type":"BreadcrumbList","@id":"https:\/\/www.ideefixe.fr\/en\/realisations\/entendre-sforl\/#breadcrumb","itemListElement":[{"@type":"ListItem","position":1,"name":"Idée Fixe","item":"https:\/\/www.ideefixe.fr\/en\/"},{"@type":"ListItem","position":2,"name":"Réalisations","item":"https:\/\/www.ideefixe.fr\/en\/realisations\/"},{"@type":"ListItem","position":3,"name":"Entendre SFORL"}]},{"@type":"WebSite","@id":"https:\/\/www.ideefixe.fr\/en\/#website","url":"https:\/\/www.ideefixe.fr\/en\/","name":"Idée Fixe","description":"Expert en architectures durables et éphémères depuis 1990.","publisher":{"@id":"https:\/\/www.ideefixe.fr\/en\/#organization"},"potentialAction":[{"@type":"SearchAction","target":{"@type":"EntryPoint","urlTemplate":"https:\/\/www.ideefixe.fr\/en\/?s={search_term_string}"},"query-input":{"@type":"PropertyValueSpecification","valueRequired":true,"valueName":"search_term_string"}}],"inLanguage":"en-US"},{"@type":"Organization","@id":"https:\/\/www.ideefixe.fr\/en\/#organization","name":"Idée Fixe","url":"https:\/\/www.ideefixe.fr\/en\/","logo":{"@type":"ImageObject","inLanguage":"en-US","@id":"https:\/\/www.ideefixe.fr\/en\/#\/schema\/logo\/image\/","url":"https:\/\/www.ideefixe.fr\/wp-content\/uploads\/2021\/11\/logo-idee-fixe.svg","contentUrl":"https:\/\/www.ideefixe.fr\/wp-content\/uploads\/2021\/11\/logo-idee-fixe.svg","width":1,"height":1,"caption":"Idée Fixe"},"image":{"@id":"https:\/\/www.ideefixe.fr\/en\/#\/schema\/logo\/image\/"}}]}</script>
<!-- / Yoast SEO plugin. -->

Entendre SFORL - Idée Fixe

Idée Fixe

Réalisations

Expert en architectures durables et éphémères depuis 1990.
